p = x + 110. Let o = p + 33. Calculate the highest common factor of 8 and o.
8
Let s = -73 + 81. Suppose -s*g - 80 = -288. What is the greatest common factor of 91 and g?
13
Suppose -28601 + 139841 = 103*z. What is the greatest common factor of 120 and z?
120
Suppose 0 = -10*i - 1 + 241. Let n be 3705/i + (-39)/104. What is the highest common factor of n and 231?
77
Let h(g) = 4*g**2 - 22*g + 86. Let r be h(4). Suppose -c + 274 = 21*j - 20*j, j - 289 = 2*c. What is the greatest common factor of j and r?
31
Let i = 20 - 9. Let t = -149 + 134. Let y(x) = -x**3 - 11*x**2 + 45*x - 49. Let u be y(t). Calculate the greatest common factor of i and u.
11
Let q be -44*(60/16 + -4). Let h = -316 - -149. Let a = h + 266. Calculate the highest common divisor of q and a.
11
Let w(r) = -4*r**2 + 151*r + 88. Let v be w(38). What is the greatest common factor of 2825 and v?
25
Suppose 0*b - 7*b = 28. Let g be b/(-6)*(-24495)/(-46). What is the highest common divisor of g and 5?
5
Let t = 15 - 5. Suppose m - 4*v + 2 = 0, -9*m + 2*v - 2 = -8*m. Let q be 7/((-420)/(-7808)) + m/15. What is the highest common factor of t and q?
10
Let t(z) = -775*z + 3245. Let y be t(4). Calculate the greatest common divisor of 1798 and y.
29
Suppose 0 = 61*t + 33*t - 94272 + 10518. What is the greatest common factor of t and 77?
11
Suppose 0 = -60*a + 57*a - 6, -4*a = g - 1002. Calculate the greatest common divisor of g and 90.
10
Let b(s) = 24*s + 20. Let w(d) = 23*d + 20. Let f(h) = 3*b(h) - 2*w(h). Let a be f(2). Calculate the greatest common divisor of a and 27.
9
Let z(t) be the third derivative of t**6/120 + t**4/12 + 9*t**3 + 86*t**2. Let m be z(0). Calculate the greatest common divisor of 72 and m.
18
Suppose -2*c + 791 = -0*c - 5*o, c + 5*o - 433 = 0. Suppose -11*w + c + 76 = 0. Calculate the greatest common divisor of 88 and w.
44
Let m(q) be the first derivative of -11*q**3/3 + 11*q**2/2 + 5. Let a be m(-3). Let c = 146 + a. Calculate the highest common divisor of c and 112.
14
Suppose 7 = 2*u + r + 1, 10 = 5*r. Suppose -5*l - 24*d + 23*d + 131 = 0, -4*l + 116 = -2*d. Let a = u + l. Calculate the greatest common factor of 58 and a.
29
Suppose -7*p + 11*p = -4*m + 76, 5*p - 2*m - 109 = 0. Suppose -2*g = -p - 39. Calculate the greatest common factor of 45 and g.
15
Let v be (-28)/(-36) + -1 + 2832/108. What is the greatest common divisor of 2652 and v?
26
Suppose -268*c + 330*c = 281976. What is the greatest common factor of c and 36?
12
Suppose -1272 = -5*n - 132. Let z = n - 220. Calculate the highest common divisor of 64 and z.
8
Let j be ((-102)/(-35) + 32/112)*45195/138. Calculate the highest common factor of 10 and j.
2
Let q be 4*-2 + 202 + -193. What is the greatest common divisor of 379 and q?
1
Let g(i) = -11*i + 218. Let x be g(10). What is the greatest common divisor of x and 5508?
108
Let i be (13/(-3))/((-28)/84). Suppose 165 - 490 = -i*a. What is the greatest common factor of 15 and a?
5
Suppose 5*i + 221 - 246 = 0. Suppose 4*k - 649 = -2*h + 7*h, 2*k - 287 = -i*h. Calculate the greatest common factor of 12 and k.
12
Let t = 84 + 7. Let l = -188 - -249. Suppose -2*c - 2*c = -5*s + 53, -4*s - 3*c = -l. Calculate the greatest common divisor of s and t.
13
Let n be (-33)/2*(0 - 42/(-9)). Let r = n + 145. Suppose 2*m + r + 4 = 2*h, -4*m = 5*h - 144. Calculate the greatest common factor of 4 and h.
4
Suppose -4*x + 0*x = -20. Let q be -48 - (-24768)/512 - 637*(-2)/16. What is the greatest common factor of q and x?
5
Suppose -o - 983 = 3*m, 3*o = 5*m + 1543 + 86. Let k = 574 + m. What is the highest common factor of 26 and k?
13
Suppose -4*n + 8 = -5*v, -5*n - 24*v + 28 = -28*v. Calculate the highest common factor of 5168 and n.
4
Let b be (-11)/((-363)/(-18)) + (-24)/(-88)*53726. What is the highest common divisor of 88 and b?
44
Let q(c) = 12*c**2 + 3*c + 5. Let n be q(-1). Suppose 18*p = n*p - 2*d + 608, 3*p + 5*d - 449 = 0. Calculate the highest common factor of p and 68.
17
Let f(t) = -t + 38. Let m be f(-9). Let s be (61/4 + -9)*188. Calculate the highest common factor of m and s.
47
Let j be (-24)/18 + (-3)/(27/(-12)). Suppose -3*l - 2*l + 3*o + 168 = j, -2*l - 4*o = -62. Calculate the highest common divisor of l and 297.
33
Let g(y) = -7*y + 44. Let n = 228 - 223. Let p be g(n). What is the highest common factor of p and 117?
9
Let a(q) = -1040*q - 1015. Let n be a(-7). What is the highest common divisor of 70 and n?
35
Suppose q = -3*y + 25, -5 = -3*y + 6*q - 2*q. Let b(v) = v - 4. Let p be b(y). Calculate the greatest common factor of p and 9.
3
Suppose 91*v - 176*v = -1785. Calculate the highest common factor of v and 399.
21
Let x(z) = 131*z + 2434. Let f be x(-18). Let n be (-1032)/(-9) - 2/3. What is the highest common factor of f and n?
38
Suppose t + 5 = 0, -4*x + 2*t = -2*t + 688. Let l be 1 - x/12 - (-1)/4. Let c be (-2)/10 - 121/(-5). Calculate the highest common factor of l and c.
8
Suppose -3*c = 9, -y + 4*c = -3*y + 230. Let f be ((-405)/1215)/((-2)/942) + -14. What is the greatest common factor of y and f?
11
Suppose -15*s + 44381 = -11*s - p, -3*s - p + 33298 = 0. Calculate the highest common divisor of 81 and s.
81
Let u(f) = 18*f + 18*f - 30*f + f + 23. Let l be u(6). What is the highest common divisor of l and 520?
65
Let f = -5896 + 6156. What is the greatest common divisor of 4628 and f?
52
Let x(u) = 12 - 44 - u**3 - 17*u + 21 - 9*u**2 + 14. Let t be x(-7). Let o be 2/7 - 220/(-14). Calculate the greatest common factor of t and o.
8
Suppose 6*c - 123 = -51. Suppose 0 = s - 95 - 7. What is the greatest common divisor of c and s?
6
Let i = -276 - -274. Let q(l) = -l**2 + 9. Let s be q(i). Calculate the highest common factor of s and 320.
5
Let w = -56 - -78. Let d = 501269 + -500917. Calculate the greatest common divisor of w and d.
22
Let s = 17555 - 17550. What is the greatest common factor of 227 and s?
1
Let i be 3/(((-8)/212)/(-2)). Let c be -94 + 97 - 1*-103. What is the greatest common divisor of c and i?
53
Let a(n) = -n**2 - 61*n - 48. Let r be a(-49). Calculate the greatest common divisor of 4 and r.
4
Suppose -8*q + 2*q + 102 = 0. Let h = 34 + -30. Suppose -429 = -5*z + h*p, 0 = -7*p + 2*p - 5. Calculate the greatest common divisor of z and q.
17
Let m be 5 - 3752/(-7) - -17. Calculate the highest common factor of 5766 and m.
186
Suppose 0 = -89*o + 116453 - 15794. What is the greatest common divisor of 507 and o?
39
Let d = -28 - -31. Let f be (-4)/(3/(d - 0/(-2))). Let o be 31*((-43)/f + 2/8). Calculate the greatest common divisor of 31 and o.
31
Suppose -2*w = 2*w. Suppose p = -w*p + 32. Let y = 1762 + -1758. What is the highest common divisor of p and y?
4
Let j(h) = -111*h + 1038. Let z be j(8). Let i(g) = -g. Let q be i(-6). What is the greatest common factor of z and q?
6
Let i(x) = -32*x - 26. Suppose -3*r - 48 = -6*r. Suppose 0*p - 4*p = r. Let z be i(p). Calculate the greatest common factor of z and 34.
34
Let w(f) = 13*f**3 - 3220965*f**2 - 1 + 3220965*f**2. Let q(j) = j**2 - j - 1. Let c be q(2). Let i be w(c). What is the highest common factor of 3 and i?
3
Let s = -196 - -538. Let c = -7790 - -7799. Calculate the highest common factor of s and c.
9
Let i = -163 - -319. Let v = -108 + i. Calculate the greatest common divisor of v and 32.
16
Suppose -3*c = -14*c + 22. Suppose -19 = 5*l + z - 100, 9 = l + c*z. What is the greatest common divisor of 374 and l?
17
Suppose 5*x - 1009 - 191 = 5*g, 0 = 3*x + 5*g - 744. Calculate the greatest common divisor of x and 3132.
27
Let d = -97 + 17. Let m be 3 + (2 - 0) - -347. Let v be m/d*(-31 - -1). Calculate the highest common divisor of 12 and v.
12
Let b = 9 + 12. Let u(w) = -w**2 - 14*w - 1. Let j be u(-13). Let s be j*8/((-48)/(-21)). Calculate the highest common divisor of b and s.
21
Let b(d) = d**2 + 4*d - 50. Suppose 16*y + 16 = 17*y. Let o be b(y). Calculate the greatest common factor of 30 and o.
30
Let j = 10748 + -10594. What is the greatest common divisor of 6314 and j?
154
Let q be (9 - (-1784)/32) + 2/8. Let s = 111 + q. Suppose -4*d + 3*j + 47 = -5, 3*d - 4*j = 32. What is the highest common factor of d and s?
16
Let f be ((-609)/174)/(14/(-24)). What is the greatest common factor of f and 813?
3
Let f = 21 - 53. Let y be (f + 8)*(0 - -3 - 2). Let c b